{"id":2,"date":"2018-01-31T15:43:05","date_gmt":"2018-01-31T15:43:05","guid":{"rendered":"http:\/\/logosandmore24.apps-1and1.com\/?page_id=2"},"modified":"2022-08-20T14:30:17","modified_gmt":"2022-08-20T14:30:17","slug":"sample-page","status":"publish","type":"page","link":"https:\/\/logosandmore24.com\/","title":{"rendered":"HOME"},"content":{"rendered":"<div id=\"pl-2\"  class=\"panel-layout\" ><div id=\"pg-2-0\"  class=\"panel-grid panel-no-style\" ><div id=\"pgc-2-0-0\"  class=\"panel-grid-cell panel-grid-cell-empty\" ><\/div><div id=\"pgc-2-0-1\"  class=\"panel-grid-cell panel-grid-cell-mobile-last\" ><div id=\"panel-2-0-1-0\" class=\"so-panel widget widget_sow-image panel-first-child panel-last-child\" data-index=\"0\" ><div\n\t\t\t\n\t\t\tclass=\"so-widget-sow-image so-widget-sow-image-default-113ccd71f3e6-2\"\n\t\t\t\n\t\t>\n<div class=\"sow-image-container\">\n\t\t\t<a href=\"https:\/\/logosandmore24.com\/?page_id=20\"\n\t\t\t\t\t>\n\t\t\t<img \n\tsrc=\"https:\/\/logosandmore24.com\/wp-content\/uploads\/2019\/09\/shop_button_DE-768x85.png\" width=\"768\" height=\"85\" srcset=\"https:\/\/logosandmore24.com\/wp-content\/uploads\/2019\/09\/shop_button_DE-768x85.png 768w, https:\/\/logosandmore24.com\/wp-content\/uploads\/2019\/09\/shop_button_DE-300x33.png 300w, https:\/\/logosandmore24.com\/wp-content\/uploads\/2019\/09\/shop_button_DE-600x67.png 600w, https:\/\/logosandmore24.com\/wp-content\/uploads\/2019\/09\/shop_button_DE.png 900w\" sizes=\"(max-width: 768px) 100vw, 768px\" alt=\"\" \t\tclass=\"so-widget-image\"\/>\n\t\t\t<\/a><\/div>\n\n<\/div><\/div><\/div><div id=\"pgc-2-0-2\"  class=\"panel-grid-cell panel-grid-cell-empty\" ><\/div><\/div><div id=\"pg-2-1\"  class=\"panel-grid panel-no-style\" ><div id=\"pgc-2-1-0\"  class=\"panel-grid-cell panel-grid-cell-empty\" ><\/div><div id=\"pgc-2-1-1\"  class=\"panel-grid-cell\" ><div id=\"panel-2-1-1-0\" class=\"so-panel widget widget_sow-editor panel-first-child\" data-index=\"1\" ><div\n\t\t\t\n\t\t\tclass=\"so-widget-sow-editor so-widget-sow-editor-base\"\n\t\t\t\n\t\t>\n<div class=\"siteorigin-widget-tinymce textwidget\">\n\t<p><img loading=\"lazy\" decoding=\"async\" class=\"aligncenter wp-image-359 size-full\" src=\"https:\/\/logosandmore24.com\/wp-content\/uploads\/2018\/04\/loggos_2-02.jpg\" alt=\"\" width=\"300\" height=\"300\" srcset=\"https:\/\/logosandmore24.com\/wp-content\/uploads\/2018\/04\/loggos_2-02.jpg 300w, https:\/\/logosandmore24.com\/wp-content\/uploads\/2018\/04\/loggos_2-02-150x150.jpg 150w, https:\/\/logosandmore24.com\/wp-content\/uploads\/2018\/04\/loggos_2-02-100x100.jpg 100w\" sizes=\"auto, (max-width: 300px) 100vw, 300px\" \/><\/p>\n<\/div>\n<\/div><\/div><div id=\"panel-2-1-1-1\" class=\"so-panel widget widget_sow-editor panel-last-child\" data-index=\"2\" ><div\n\t\t\t\n\t\t\tclass=\"so-widget-sow-editor so-widget-sow-editor-base\"\n\t\t\t\n\t\t>\n<div class=\"siteorigin-widget-tinymce textwidget\">\n\t<div class=\"card-box\">\n<h4 class=\"card-title py-3 mbr-fonts-style display-5\" style=\"text-align: center;\"><span style=\"font-size: 18pt; font-family: tahoma, arial, helvetica, sans-serif;\">Einzigartige Logos<br \/>\n<\/span><\/h4>\n<p class=\"mbr-text mbr-fonts-style display-7\" style=\"text-align: justify;\"><span style=\"font-size: 12pt; color: #808080;\"><span style=\"font-family: tahoma, arial, helvetica, sans-serif; color: #999999;\">Alle auf logomarket angebotenen Logos sind Unikate. Sie werden nirgendwo anders angeboten und direkt nach dem Verkauf aus dem Angebot genommen.<\/span><\/span><span style=\"font-family: verdana, geneva, sans-serif; font-size: 12pt; color: #808080;\">\u00a0<\/span><\/p>\n<\/div>\n<\/div>\n<\/div><\/div><\/div><div id=\"pgc-2-1-2\"  class=\"panel-grid-cell\" ><div id=\"panel-2-1-2-0\" class=\"so-panel widget widget_sow-editor panel-first-child\" data-index=\"3\" ><div\n\t\t\t\n\t\t\tclass=\"so-widget-sow-editor so-widget-sow-editor-base\"\n\t\t\t\n\t\t>\n<div class=\"siteorigin-widget-tinymce textwidget\">\n\t<p><img loading=\"lazy\" decoding=\"async\" class=\"wp-image-229 size-medium aligncenter\" src=\"https:\/\/logosandmore24.com\/wp-content\/uploads\/2018\/03\/costs_2-01-300x300.jpg\" alt=\"\" width=\"300\" height=\"300\" srcset=\"https:\/\/logosandmore24.com\/wp-content\/uploads\/2018\/03\/costs_2-01-300x300.jpg 300w, https:\/\/logosandmore24.com\/wp-content\/uploads\/2018\/03\/costs_2-01-150x150.jpg 150w, https:\/\/logosandmore24.com\/wp-content\/uploads\/2018\/03\/costs_2-01-768x768.jpg 768w, https:\/\/logosandmore24.com\/wp-content\/uploads\/2018\/03\/costs_2-01-1024x1024.jpg 1024w, https:\/\/logosandmore24.com\/wp-content\/uploads\/2018\/03\/costs_2-01-600x600.jpg 600w, https:\/\/logosandmore24.com\/wp-content\/uploads\/2018\/03\/costs_2-01-100x100.jpg 100w, https:\/\/logosandmore24.com\/wp-content\/uploads\/2018\/03\/costs_2-01.jpg 1250w\" sizes=\"auto, (max-width: 300px) 100vw, 300px\" \/><\/p>\n<\/div>\n<\/div><\/div><div id=\"panel-2-1-2-1\" class=\"so-panel widget widget_sow-editor panel-last-child\" data-index=\"4\" ><div\n\t\t\t\n\t\t\tclass=\"so-widget-sow-editor so-widget-sow-editor-base\"\n\t\t\t\n\t\t>\n<div class=\"siteorigin-widget-tinymce textwidget\">\n\t<div class=\"card-box\">\n<h4 class=\"card-title py-3 mbr-fonts-style display-5\" style=\"text-align: center;\"><span style=\"font-size: 18pt; font-family: tahoma, arial, helvetica, sans-serif;\">Festpreise<\/span><\/h4>\n<p class=\"mbr-text mbr-fonts-style display-7\" style=\"text-align: justify;\"><span style=\"font-size: 12pt; color: #999999;\"><span style=\"font-family: tahoma, arial, helvetica, sans-serif;\">Wir bieten jedem Kunden die M\u00f6glichkeit, aus einer gro\u00dfen Anzahl von Entw\u00fcrfen, das passende Logo schnell und unkompliziert zu einem attraktiven Festpreis zu erwerben.<\/span><\/span><\/p>\n<\/div>\n<p class=\"mbr-section-subtitle align-left mbr-light pb-3 mbr-fonts-style display-2\" style=\"text-align: justify;\"><span style=\"font-family: verdana, geneva, sans-serif; font-size: 12pt; color: #666666;\">\u00a0<\/span><\/p>\n<\/div>\n<\/div><\/div><\/div><div id=\"pgc-2-1-3\"  class=\"panel-grid-cell panel-grid-cell-mobile-last\" ><div id=\"panel-2-1-3-0\" class=\"so-panel widget widget_sow-editor panel-first-child\" data-index=\"5\" ><div\n\t\t\t\n\t\t\tclass=\"so-widget-sow-editor so-widget-sow-editor-base\"\n\t\t\t\n\t\t>\n<div class=\"siteorigin-widget-tinymce textwidget\">\n\t<p><img loading=\"lazy\" decoding=\"async\" class=\"wp-image-231 size-medium aligncenter\" src=\"https:\/\/logosandmore24.com\/wp-content\/uploads\/2018\/03\/service_2-01-300x300.jpg\" alt=\"\" width=\"300\" height=\"300\" srcset=\"https:\/\/logosandmore24.com\/wp-content\/uploads\/2018\/03\/service_2-01-300x300.jpg 300w, https:\/\/logosandmore24.com\/wp-content\/uploads\/2018\/03\/service_2-01-150x150.jpg 150w, https:\/\/logosandmore24.com\/wp-content\/uploads\/2018\/03\/service_2-01-768x768.jpg 768w, https:\/\/logosandmore24.com\/wp-content\/uploads\/2018\/03\/service_2-01-1024x1024.jpg 1024w, https:\/\/logosandmore24.com\/wp-content\/uploads\/2018\/03\/service_2-01-600x600.jpg 600w, https:\/\/logosandmore24.com\/wp-content\/uploads\/2018\/03\/service_2-01-100x100.jpg 100w, https:\/\/logosandmore24.com\/wp-content\/uploads\/2018\/03\/service_2-01.jpg 1250w\" sizes=\"auto, (max-width: 300px) 100vw, 300px\" \/><\/p>\n<\/div>\n<\/div><\/div><div id=\"panel-2-1-3-1\" class=\"so-panel widget widget_sow-editor panel-last-child\" data-index=\"6\" ><div\n\t\t\t\n\t\t\tclass=\"so-widget-sow-editor so-widget-sow-editor-base\"\n\t\t\t\n\t\t>\n<div class=\"siteorigin-widget-tinymce textwidget\">\n\t<div class=\"card-box\">\n<h4 class=\"card-title py-3 mbr-fonts-style display-5\" style=\"text-align: center;\"><span style=\"font-family: tahoma, arial, helvetica, sans-serif; font-size: 18pt;\">Weiterer Service<\/span><\/h4>\n<p class=\"mbr-text mbr-fonts-style display-7\" style=\"text-align: justify;\"><span style=\"font-family: tahoma, arial, helvetica, sans-serif; font-size: 12pt; color: #666666;\"><span style=\"color: #999999;\">Wir raten jedem, der einen professionellen Auftritt anstrebt, sich auch die Gesch\u00e4ftspapiere vom Designer erstellen zu lassen. Unter Angabe des gew\u00fcnschten Umfangs erstellt Ihnen der Designer gerne ein unverbindliches Angebot.<\/span><\/span><\/p>\n<\/div>\n<\/div>\n<\/div><\/div><\/div><div id=\"pgc-2-1-4\"  class=\"panel-grid-cell panel-grid-cell-empty\" ><\/div><\/div><div id=\"pg-2-2\"  class=\"panel-grid panel-no-style\" ><div id=\"pgc-2-2-0\"  class=\"panel-grid-cell\" ><div id=\"panel-2-2-0-0\" class=\"so-panel widget widget_sow-image panel-first-child panel-last-child\" data-index=\"7\" ><div\n\t\t\t\n\t\t\tclass=\"so-widget-sow-image so-widget-sow-image-default-c67d20f9f743-2\"\n\t\t\t\n\t\t>\n<div class=\"sow-image-container\">\n\t\t<img \n\tsrc=\"https:\/\/logosandmore24.com\/wp-content\/uploads\/2020\/01\/thought-2123970_1920_2000_DE_1.jpg\" width=\"2000\" height=\"500\" srcset=\"https:\/\/logosandmore24.com\/wp-content\/uploads\/2020\/01\/thought-2123970_1920_2000_DE_1.jpg 2000w, https:\/\/logosandmore24.com\/wp-content\/uploads\/2020\/01\/thought-2123970_1920_2000_DE_1-300x75.jpg 300w, https:\/\/logosandmore24.com\/wp-content\/uploads\/2020\/01\/thought-2123970_1920_2000_DE_1-1024x256.jpg 1024w, https:\/\/logosandmore24.com\/wp-content\/uploads\/2020\/01\/thought-2123970_1920_2000_DE_1-768x192.jpg 768w, https:\/\/logosandmore24.com\/wp-content\/uploads\/2020\/01\/thought-2123970_1920_2000_DE_1-1536x384.jpg 1536w, https:\/\/logosandmore24.com\/wp-content\/uploads\/2020\/01\/thought-2123970_1920_2000_DE_1-600x150.jpg 600w\" sizes=\"(max-width: 2000px) 100vw, 2000px\" alt=\"\" \t\tclass=\"so-widget-image\"\/>\n\t<\/div>\n\n<\/div><\/div><\/div><\/div><div id=\"pg-2-3\"  class=\"panel-grid panel-no-style\" ><div id=\"pgc-2-3-0\"  class=\"panel-grid-cell\" ><div id=\"panel-2-3-0-0\" class=\"so-panel widget widget_sow-editor panel-first-child panel-last-child\" data-index=\"8\" ><div\n\t\t\t\n\t\t\tclass=\"so-widget-sow-editor so-widget-sow-editor-base\"\n\t\t\t\n\t\t>\n<div class=\"siteorigin-widget-tinymce textwidget\">\n\t<h2><\/h2>\n<h2 class=\"pb-3 mbr-fonts-style display-2\" style=\"text-align: center;\"><span style=\"color: #333333; font-family: tahoma, arial, helvetica, sans-serif;\"><div class=\"eds-animate edsanimate-sis-hidden \" data-eds-entry-animation=\"slideInRight\" data-eds-entry-delay=\"0\" data-eds-entry-duration=\"2\" data-eds-entry-timing=\"linear\" data-eds-exit-animation=\"\" data-eds-exit-delay=\"\" data-eds-exit-duration=\"\" data-eds-exit-timing=\"\" data-eds-repeat-count=\"1\" data-eds-keep=\"yes\" data-eds-animate-on=\"scroll\" data-eds-scroll-offset=\"75\">DER ABLAUF<\/div><\/span><\/h2>\n<\/div>\n<\/div><\/div><\/div><\/div><div id=\"pg-2-4\"  class=\"panel-grid panel-no-style\" ><div id=\"pgc-2-4-0\"  class=\"panel-grid-cell panel-grid-cell-empty\" ><\/div><div id=\"pgc-2-4-1\"  class=\"panel-grid-cell panel-grid-cell-mobile-last\" ><div id=\"panel-2-4-1-0\" class=\"so-panel widget widget_sow-editor panel-first-child panel-last-child\" data-index=\"9\" ><div\n\t\t\t\n\t\t\tclass=\"so-widget-sow-editor so-widget-sow-editor-base\"\n\t\t\t\n\t\t>\n<div class=\"siteorigin-widget-tinymce textwidget\">\n\t<p style=\"text-align: center;\">\n<p style=\"text-align: justify;\"><span style=\"font-size: 14pt; color: #999999;\">Nach der Bestellung wird der Designer schnellstm\u00f6glich mit Ihnen Kontakt aufnehmen und seine Rechnung \u00fcber den bei Logomarket ausgewiesenen Festpreis vorlegen. Nach Zahlungseingang erhalten Sie von ihm den Entwurf in den gew\u00fcnschten Dateiformaten f\u00fcr die Weiterverarbeitung.<\/span><\/p>\n<p style=\"text-align: justify;\"><span style=\"font-size: 14pt; color: #999999;\">Mit Ihrer Bestellung bei Logomarket kommt ein direkter Vertrag zwischen Ihnen und dem jeweiligen Designer zustande. Logomarket ist nur Mittler der Vertragsbeziehung, nicht aber Ihr Partner f\u00fcr Lieferung und Nutzung. Nach Eingabe und Best\u00e4tigung Ihrer Kundendaten informiert Logomarket den betroffenen Designer \u00fcber Ihre Bestellung.<\/span><\/p>\n<p style=\"text-align: center;\"><span style=\"font-size: 14pt; color: #999999;\"><strong>Anpassungen und \u00c4nderungsw\u00fcnsche:<\/strong><\/span><\/p>\n<p style=\"text-align: justify;\"><span style=\"font-size: 14pt; color: #999999;\">Der Entwurf wird Ihnen in Ausf\u00fchrung und Farben genauso geliefert, wie er bei Logomarket gezeigt und von Ihnen bestellt wurde. Sollten Sie \u00c4nderungen bei Text (z. B. Einf\u00fcgung Ihres Firmennamens) oder Farben nicht selbst vornehmen k\u00f6nnen oder wollen, ist Ihnen der Designer gerne behilflich. Bitte beachten Sie, dass Ihre Anpassungs- und \u00c4nderungsw\u00fcnsche nicht im Festpreis enthalten sind und vom Designer gesondert in Rechnung gestellt werden k\u00f6nnen! Bitte erfragen Sie daher ggfs. vorher den zus\u00e4tzlichen Arbeitsaufwand.<\/span><\/p>\n<p style=\"text-align: justify;\"><span style=\"font-size: 14pt; color: #999999;\">Wir raten jedem, der einen professionellen gesch\u00e4ftlichen Auftritt anstrebt, sich auch die Gesch\u00e4ftspapiere vom Designer erstellen zu lassen. Unter Angabe des gew\u00fcnschten Umfangs erstellt Ihnen der Designer gerne ein unverbindliches Angebot auf Grundlage seiner Gesch\u00e4ftsbedingungen.<\/span><\/p>\n<p style=\"text-align: justify;\">\n<\/div>\n<\/div><\/div><\/div><div id=\"pgc-2-4-2\"  class=\"panel-grid-cell panel-grid-cell-empty\" ><\/div><\/div><div id=\"pg-2-5\"  class=\"panel-grid panel-has-style\" ><div class=\"panel-row-style panel-row-style-for-2-5\" ><div id=\"pgc-2-5-0\"  class=\"panel-grid-cell\" ><div id=\"panel-2-5-0-0\" class=\"so-panel widget widget_sow-editor panel-first-child panel-last-child\" data-index=\"10\" ><div\n\t\t\t\n\t\t\tclass=\"so-widget-sow-editor so-widget-sow-editor-base\"\n\t\t\t\n\t\t>\n<div class=\"siteorigin-widget-tinymce textwidget\">\n\t<p>&nbsp;<\/p>\n<p class=\"pb-3 mbr-fonts-style display-2\" style=\"text-align: center;\"><span style=\"color: #f5f5f5; font-family: tahoma, arial, helvetica, sans-serif; font-size: 24pt;\">Sie brauchen auch Gesch\u00e4ftspapiere - wir k\u00f6nnen das f\u00fcr Sie erledigen.<br \/>\nSie sagen uns was Sie brauchen, wir k\u00fcmmern uns darum.<br \/>\nSie brauchen eine Webseite f\u00fcr Ihr Gesch\u00e4ft, wir designen und<br \/>\nprogrammieren eine passende Webseite f\u00fcr Sie, schnell und professionell.<\/span><\/p>\n<p>&nbsp;<\/p>\n<\/div>\n<\/div><\/div><\/div><\/div><\/div><div id=\"pg-2-6\"  class=\"panel-grid panel-no-style\" ><div id=\"pgc-2-6-0\"  class=\"panel-grid-cell panel-grid-cell-empty\" ><\/div><div id=\"pgc-2-6-1\"  class=\"panel-grid-cell\" ><div id=\"panel-2-6-1-0\" class=\"so-panel widget widget_sow-editor panel-first-child\" data-index=\"11\" ><div\n\t\t\t\n\t\t\tclass=\"so-widget-sow-editor so-widget-sow-editor-base\"\n\t\t\t\n\t\t>\n<div class=\"siteorigin-widget-tinymce textwidget\">\n\t<div class=\"eds-animate edsanimate-sis-hidden \" data-eds-entry-animation=\"bounceIn\" data-eds-entry-delay=\"0\" data-eds-entry-duration=\"2\" data-eds-entry-timing=\"linear\" data-eds-exit-animation=\"\" data-eds-exit-delay=\"\" data-eds-exit-duration=\"\" data-eds-exit-timing=\"\" data-eds-repeat-count=\"1\" data-eds-keep=\"yes\" data-eds-animate-on=\"scroll\" data-eds-scroll-offset=\"75\">\n<p><img loading=\"lazy\" decoding=\"async\" class=\"size-medium wp-image-674 aligncenter\" src=\"https:\/\/logosandmore24.com\/wp-content\/uploads\/2020\/01\/color-1242026_1920_4-300x300.jpg\" alt=\"\" width=\"300\" height=\"300\" srcset=\"https:\/\/logosandmore24.com\/wp-content\/uploads\/2020\/01\/color-1242026_1920_4-300x300.jpg 300w, https:\/\/logosandmore24.com\/wp-content\/uploads\/2020\/01\/color-1242026_1920_4-150x150.jpg 150w, https:\/\/logosandmore24.com\/wp-content\/uploads\/2020\/01\/color-1242026_1920_4-600x600.jpg 600w, https:\/\/logosandmore24.com\/wp-content\/uploads\/2020\/01\/color-1242026_1920_4-100x100.jpg 100w, https:\/\/logosandmore24.com\/wp-content\/uploads\/2020\/01\/color-1242026_1920_4.jpg 640w\" sizes=\"auto, (max-width: 300px) 100vw, 300px\" \/><\/p>\n<\/div>\n<\/div>\n<\/div><\/div><div id=\"panel-2-6-1-1\" class=\"so-panel widget widget_sow-editor panel-last-child\" data-index=\"12\" ><div\n\t\t\t\n\t\t\tclass=\"so-widget-sow-editor so-widget-sow-editor-base\"\n\t\t\t\n\t\t>\n<div class=\"siteorigin-widget-tinymce textwidget\">\n\t<p class=\"moz-quote-pre\" style=\"text-align: justify;\"><span style=\"font-size: 12pt; color: #808080; font-family: tahoma, arial, helvetica, sans-serif;\">Bayer oder SAP sind einfach erkennbar, genauso wie Coca Cola, IBM und Google, die mit deutlichen Schriften und Farben \u00fcberzeugen. Was wollen Sie mit einem einzigartigen Logo sagen? Wir haben hunderte professionell gestalter Logos, die dabei helfen Ihr Unternehmen zu visualisieren.<\/span><\/p>\n<\/div>\n<\/div><\/div><\/div><div id=\"pgc-2-6-2\"  class=\"panel-grid-cell\" ><div id=\"panel-2-6-2-0\" class=\"so-panel widget widget_sow-editor panel-first-child\" data-index=\"13\" ><div\n\t\t\t\n\t\t\tclass=\"so-widget-sow-editor so-widget-sow-editor-base\"\n\t\t\t\n\t\t>\n<div class=\"siteorigin-widget-tinymce textwidget\">\n\t<div class=\"eds-animate edsanimate-sis-hidden \" data-eds-entry-animation=\"bounceIn\" data-eds-entry-delay=\"1\" data-eds-entry-duration=\"2\" data-eds-entry-timing=\"linear\" data-eds-exit-animation=\"\" data-eds-exit-delay=\"\" data-eds-exit-duration=\"\" data-eds-exit-timing=\"\" data-eds-repeat-count=\"1\" data-eds-keep=\"yes\" data-eds-animate-on=\"scroll\" data-eds-scroll-offset=\"75\">\n<p><img loading=\"lazy\" decoding=\"async\" class=\"wp-image-675 size-medium aligncenter\" src=\"https:\/\/logosandmore24.com\/wp-content\/uploads\/2020\/01\/color-1242026_1920_5-300x300.jpg\" alt=\"\" width=\"300\" height=\"300\" srcset=\"https:\/\/logosandmore24.com\/wp-content\/uploads\/2020\/01\/color-1242026_1920_5-300x300.jpg 300w, https:\/\/logosandmore24.com\/wp-content\/uploads\/2020\/01\/color-1242026_1920_5-150x150.jpg 150w, https:\/\/logosandmore24.com\/wp-content\/uploads\/2020\/01\/color-1242026_1920_5-600x600.jpg 600w, https:\/\/logosandmore24.com\/wp-content\/uploads\/2020\/01\/color-1242026_1920_5-100x100.jpg 100w, https:\/\/logosandmore24.com\/wp-content\/uploads\/2020\/01\/color-1242026_1920_5.jpg 640w\" sizes=\"auto, (max-width: 300px) 100vw, 300px\" \/><\/p>\n<\/div>\n<\/div>\n<\/div><\/div><div id=\"panel-2-6-2-1\" class=\"so-panel widget widget_sow-editor panel-last-child\" data-index=\"14\" ><div\n\t\t\t\n\t\t\tclass=\"so-widget-sow-editor so-widget-sow-editor-base\"\n\t\t\t\n\t\t>\n<div class=\"siteorigin-widget-tinymce textwidget\">\n\t<p class=\"moz-quote-pre\" style=\"text-align: justify;\"><span style=\"font-size: 12pt; color: #808080; font-family: tahoma, arial, helvetica, sans-serif;\">Finden Sie Ihr neues Firmengesicht mit ein paar Klicks. Schauen Sie durch unseren Shop und w\u00e4hlen das Logo, das Ihnen gef\u00e4llt. Klicken Sie auf Kaufen, gehen zur Kasse und bezahlen mit PayPal. Senden Sie dann uns Ihren Firmennamen und Ihre \u00c4nderungs- w\u00fcnsche f\u00fcr das ausgew\u00e4hlte Logo. Wir erledigen Ihre W\u00fcnsche und schicken Ihnen Ihr personalisiertes Logo mit dem Copyright.<\/span><\/p>\n<\/div>\n<\/div><\/div><\/div><div id=\"pgc-2-6-3\"  class=\"panel-grid-cell panel-grid-cell-mobile-last\" ><div id=\"panel-2-6-3-0\" class=\"so-panel widget widget_sow-editor panel-first-child\" data-index=\"15\" ><div\n\t\t\t\n\t\t\tclass=\"so-widget-sow-editor so-widget-sow-editor-base\"\n\t\t\t\n\t\t>\n<div class=\"siteorigin-widget-tinymce textwidget\">\n\t<div class=\"eds-animate edsanimate-sis-hidden \" data-eds-entry-animation=\"bounceIn\" data-eds-entry-delay=\"2\" data-eds-entry-duration=\"2\" data-eds-entry-timing=\"linear\" data-eds-exit-animation=\"\" data-eds-exit-delay=\"\" data-eds-exit-duration=\"\" data-eds-exit-timing=\"\" data-eds-repeat-count=\"1\" data-eds-keep=\"yes\" data-eds-animate-on=\"scroll\" data-eds-scroll-offset=\"75\">\n<p><img loading=\"lazy\" decoding=\"async\" class=\"wp-image-676 size-medium aligncenter\" src=\"https:\/\/logosandmore24.com\/wp-content\/uploads\/2020\/01\/color-1242026_1920_6-300x300.jpg\" alt=\"\" width=\"300\" height=\"300\" srcset=\"https:\/\/logosandmore24.com\/wp-content\/uploads\/2020\/01\/color-1242026_1920_6-300x300.jpg 300w, https:\/\/logosandmore24.com\/wp-content\/uploads\/2020\/01\/color-1242026_1920_6-150x150.jpg 150w, https:\/\/logosandmore24.com\/wp-content\/uploads\/2020\/01\/color-1242026_1920_6-600x600.jpg 600w, https:\/\/logosandmore24.com\/wp-content\/uploads\/2020\/01\/color-1242026_1920_6-100x100.jpg 100w, https:\/\/logosandmore24.com\/wp-content\/uploads\/2020\/01\/color-1242026_1920_6.jpg 640w\" sizes=\"auto, (max-width: 300px) 100vw, 300px\" \/><\/p>\n<\/div>\n<\/div>\n<\/div><\/div><div id=\"panel-2-6-3-1\" class=\"so-panel widget widget_sow-editor panel-last-child\" data-index=\"16\" ><div\n\t\t\t\n\t\t\tclass=\"so-widget-sow-editor so-widget-sow-editor-base\"\n\t\t\t\n\t\t>\n<div class=\"siteorigin-widget-tinymce textwidget\">\n\t<p class=\"moz-quote-pre\" style=\"text-align: justify;\"><span style=\"font-size: 12pt; font-family: tahoma, arial, helvetica, sans-serif; color: #808080;\">Falls Sie weitere Anderungsw\u00fcnsche, Sublogos oder Farbvariationen brauchen, ist alles problemlos machbar. Vielleicht brauchen Sie auch Gesch\u00e4ftspapiere, Werbeartikel oder eine Webseite, wir helfen Ihnen auch bei dieser Umsetzung. Sprechen Sie uns einfach an.<\/span><\/p>\n<\/div>\n<\/div><\/div><\/div><div id=\"pgc-2-6-4\"  class=\"panel-grid-cell panel-grid-cell-empty\" ><\/div><\/div><div id=\"pg-2-7\"  class=\"panel-grid panel-no-style\" ><div id=\"pgc-2-7-0\"  class=\"panel-grid-cell\" ><div id=\"panel-2-7-0-0\" class=\"so-panel widget widget_sow-editor panel-first-child panel-last-child\" data-index=\"17\" ><div\n\t\t\t\n\t\t\tclass=\"so-widget-sow-editor so-widget-sow-editor-base\"\n\t\t\t\n\t\t>\n<div class=\"siteorigin-widget-tinymce textwidget\">\n\t<p style=\"text-align: center;\">\u00a0\u00a0\u00a0\u00a0<img loading=\"lazy\" decoding=\"async\" class=\"aligncenter wp-image-318 size-full\" src=\"https:\/\/logosandmore24.com\/wp-content\/uploads\/2018\/04\/linie.jpg\" alt=\"\" width=\"2500\" height=\"20\" srcset=\"https:\/\/logosandmore24.com\/wp-content\/uploads\/2018\/04\/linie.jpg 2500w, https:\/\/logosandmore24.com\/wp-content\/uploads\/2018\/04\/linie-300x2.jpg 300w, https:\/\/logosandmore24.com\/wp-content\/uploads\/2018\/04\/linie-768x6.jpg 768w, https:\/\/logosandmore24.com\/wp-content\/uploads\/2018\/04\/linie-1024x8.jpg 1024w, https:\/\/logosandmore24.com\/wp-content\/uploads\/2018\/04\/linie-600x5.jpg 600w\" sizes=\"auto, (max-width: 2500px) 100vw, 2500px\" \/><\/p>\n<\/div>\n<\/div><\/div><\/div><\/div><\/div>","protected":false},"excerpt":{"rendered":"<p>Einzigartige Logos Alle auf logomarket angebotenen Logos sind Unikate. Sie werden nirgendwo anders angeboten und direkt nach dem Verkauf aus dem Angebot genommen.\u00a0 Festpreise Wir bieten jedem Kunden die M\u00f6glichkeit, aus einer gro\u00dfen Anzahl von Entw\u00fcrfen, das passende Logo schnell und unkompliziert zu einem attraktiven Festpreis zu erwerben. \u00a0 Weiterer Service Wir raten jedem, der [&hellip;]<\/p>\n","protected":false},"author":1,"featured_media":0,"parent":0,"menu_order":0,"comment_status":"closed","ping_status":"closed","template":"","meta":{"footnotes":""},"class_list":["post-2","page","type-page","status-publish","hentry"],"aioseo_notices":[],"_links":{"self":[{"href":"https:\/\/logosandmore24.com\/index.php?rest_route=\/wp\/v2\/pages\/2","targetHints":{"allow":["GET"]}}],"collection":[{"href":"https:\/\/logosandmore24.com\/index.php?rest_route=\/wp\/v2\/pages"}],"about":[{"href":"https:\/\/logosandmore24.com\/index.php?rest_route=\/wp\/v2\/types\/page"}],"author":[{"embeddable":true,"href":"https:\/\/logosandmore24.com\/index.php?rest_route=\/wp\/v2\/users\/1"}],"replies":[{"embeddable":true,"href":"https:\/\/logosandmore24.com\/index.php?rest_route=%2Fwp%2Fv2%2Fcomments&post=2"}],"version-history":[{"count":169,"href":"https:\/\/logosandmore24.com\/index.php?rest_route=\/wp\/v2\/pages\/2\/revisions"}],"predecessor-version":[{"id":769,"href":"https:\/\/logosandmore24.com\/index.php?rest_route=\/wp\/v2\/pages\/2\/revisions\/769"}],"wp:attachment":[{"href":"https:\/\/logosandmore24.com\/index.php?rest_route=%2Fwp%2Fv2%2Fmedia&parent=2"}],"curies":[{"name":"wp","href":"https:\/\/api.w.org\/{rel}","templated":true}]}}